is the greatest common divisor of h and y?
13
Let h(d) = 52*d - 117. Let c be h(13). What is the highest common factor of c and 172?
43
Let u = 3 + 0. Suppose s = 3*x + 4, u*x + x + 4 = s. Suppose r + x = 4, -r + 8 = q. What is the highest common factor of 10 and q?
2
Let o be (-2)/(-4) - 203/(-14). Let p be 6*2/(26/(-5) - -6). What is the highest common factor of o and p?
15
Let l = 21 - 16. Let u(k) = -k**3 + 3*k**2 + 10*k + 7. Let g be u(l). Calculate the greatest common factor of g and 77.
7
Let y(k) = k**3 - 24*k**2 - 82*k + 34. Let m be y(27). Suppose 3*z + 64 = -89. Let w = 79 + z. What is the highest common factor of m and w?
7
Suppose -3*k + 35 = -4*t - 237, -2*t = -4*k + 356. What is the highest common divisor of 8 and k?
8
Let o(i) = 16*i + 195. Let v be o(-12). Calculate the highest common factor of v and 243.
3
Let y = 32 + -115. Suppose -a + 0*k = -5*k - 186, -3*a + 2*k + 519 = 0. Let f = y + a. Calculate the highest common divisor of 22 and f.
22
Suppose -9*w + 6*w = -144. What is the highest common divisor of 240 and w?
48
Suppose 0 = 11*u + 2*u - 130. Suppose 0 = 8*g - u*g + 48. What is the highest common factor of 60 and g?
12
Suppose -10*p = -30*p + 6480. What is the highest common factor of 24 and p?
12
Suppose p + 20 = -4*p, -5*w + 190 = 5*p. Let v be 10/5 - (16 - -1). Let b = -9 - v. Calculate the highest common divisor of b and w.
6
Suppose -y + 2*y - 284 = 0. Suppose -9*x = -256 - y. Calculate the highest common factor of x and 20.
20
Suppose 5*o = 5*k - 60, 0 = k + o - 0*o - 14. Let p be (-6)/8*(-260)/k. Calculate the greatest common divisor of p and 30.
15
Let t(b) = 31*b - 29. Let p be t(1). Calculate the highest common factor of 38 and p.
2
Let y be (-10)/(-3)*(-4212)/(-45). Calculate the highest common factor of y and 39.
39
Suppose 9*u = 4*i + 5*u - 188, 6 = 3*u. Let r = -5 + 12. Calculate the greatest common divisor of r and i.
7
Let q be ((-27)/(-3))/(-3) - 105. Let i = 94 - 162. Let b = i - q. What is the highest common divisor of 20 and b?
20
Let t be 10/3*(96/30 - 2). Let b = t + 50. Calculate the highest common factor of 6 and b.
6
Suppose 0 = 3*l - 5 - 10. Let c(g) = -g**2 + 4*g + 7. Let q be c(l). What is the greatest common divisor of q and 16?
2
Suppose 8*s = 3*s + 385. Let v = 15 - 8. What is the greatest common factor of v and s?
7
Let m be 27/6*(-320)/(-12). Let k = -43 + 83. What is the highest common factor of m and k?
40
Let y(i) = -11*i**2 - 1. Let u be y(-2). Let t = -33 - u. Suppose 5*z - 196 - 104 = 0. Calculate the greatest common divisor of z and t.
12
Let b be (-180)/8*18/(-15). Let a(v) = -v**2 - 5*v - 1. Let z be a(-4). Suppose -z = -2*l + 3. What is the greatest common factor of l and b?
3
Suppose -5*i = 15*i - 13640. Calculate the greatest common factor of 22 and i.
22
Let d be (1 - (-4 - -7)) + 26. Suppose -20*m - 44 = -d*m. What is the highest common factor of 55 and m?
11
Let q = 1 - -1. Suppose 0 = q*s - 253 - 53. Suppose -o + 4*o = s. What is the highest common factor of 34 and o?
17
Let o(n) be the third derivative of -13*n**4/24 - n**2. Let j be o(-2). Let t = 430 + -196. Calculate the highest common divisor of j and t.
26
Let j be 6034/(-154) - (-2)/11. Let s be j/(-3) - (4 + -8). What is the highest common divisor of s and 17?
17
Suppose 5*w - 4*o = 39, -4*o = -w - 21 + 32. What is the highest common divisor of 105 and w?
7
Let y = -531 + 659. What is the greatest common divisor of 64 and y?
64
Suppose 2*n - 4*n - 2 = 0. Let l be n + (1 - 4) - -7. Calculate the greatest common divisor of 3 and l.
3
Let t(n) = 3*n**2 + 48*n + 28. Let d be t(-16). What is the highest common divisor of 441 and d?
7
Let q = 472 - 465. Let z be 558/8 - (-2)/8. Suppose g + g = z. What is the highest common factor of g and q?
7
Let q(v) = 6*v - 10. Let b be q(5). Let o = 6 + 54. Calculate the highest common factor of o and b.
20
Let o be ((-171)/18 + 11)/(9/13200). What is the greatest common divisor of 20 and o?
20
Suppose -r + 9 + 4 = 0. Suppose -2*w + w + 18 = 0. Let a = 125 + w. Calculate the greatest common factor of a and r.
13
Let q(l) = l**2 + 3*l - 7. Let w be q(-5). Let s = 598 + -595. Calculate the greatest common factor of s and w.
3
Let o(n) = -24*n - 24. Let a be o(-7). Suppose 7*x = 3*x + a. What is the highest common divisor of 24 and x?
12
Suppose -23 = 4*u + 3*z, -4*z + 7*z = -2*u - 19. Let x be (33/u)/(6/528*-4). Calculate the highest common factor of 33 and x.
33
Suppose -3*o = 2*d - 33, 33 = 104*o - 99*o - 4*d. Let q be (-143)/(-4) - (-1)/4. Calculate the highest common factor of q and o.
9
Let g be -7*1/(1/(-20)). Suppose -20*h - 655 - 465 = -48*h. What is the highest common divisor of h and g?
20
Let t(l) = l**3 - 5*l**2 - 6*l + 9. Let j be (-1)/(-5) - 29/(-5). Let r be t(j). Calculate the highest common divisor of 9 and r.
9
Suppose 2*w - 72 = -w. Let n = -16 - -27. Suppose 2*j - 5 = -t, t - 2*j = 4*t - n. Calculate the highest common factor of w and t.
3
Let z(p) = -p - 13. Let r be z(-15). Suppose -r*q + 351 = 7*q. Calculate the greatest common factor of 429 and q.
39
Let m = 110 + 2. Let f(h) = h**2 - 3*h - 1. Let z be f(4). Suppose -5*a - z*c = -73, -5*a + a = 5*c - 61. Calculate the greatest common divisor of m and a.
14
Let i = 1 + 6. Suppose -35*o = -25*o - 560. Calculate the highest common divisor of i and o.
7
Let r(w) = 12*w - 2. Let p be r(6). Let l be p/1 + 4 + -4. Calculate the greatest common factor of 10 and l.
10
Let x = 498 + -507. Suppose 3 + 3 = -2*o. Let p be x/(0 + o) - -1. What is the highest common factor of p and 10?
2
Let y be 6/(-4)*(2 + (-208)/(-12)). Let s = y - -68. Calculate the greatest common divisor of 273 and s.
39
Let z(b) = -62 - 4*b**3 + 0*b + 0*b - 2*b**2 + 61 - b. Let h be z(-2). Calculate the greatest common divisor of h and 200.
25
Suppose 0 = -48*f + 42*f - 306. Let a = f - -105. What is the highest common divisor of 27 and a?
27
Let s = 101 + -81. What is the highest common divisor of s and 5?
5
Let r be 10/(2*(-3 - -4)). Let h = 14 - 2. Suppose -k + 4 = r*n + 20, -2*k + n + h = 0. What is the greatest common factor of 36 and k?
4
Let i be (2340/(-3 - -9))/((-12)/(-112)). Calculate the greatest common divisor of 20 and i.
20
Let f = 23 + -47. Let c be 16/f + (-40)/(-6). What is the greatest common divisor of c and 18?
6
Suppose 0 = 4*h - 5*v - 63, -4*v - 5 = 4*h - 77. What is the highest common factor of h and 731?
17
Let u = -498 - -740. What is the greatest common factor of u and 44?
22
Let p be 2/(-3)*945/(-18). Calculate the greatest common divisor of p and 490.
35
Let v(a) = -3*a + 96. Let n be v(-1). Calculate the highest common divisor of 1287 and n.
99
Let x be 42/(-24) - ((-45)/12 - -3). Let j be 208/2 - -3 - x. What is the greatest common factor of 12 and j?
12
Suppose 0 = -u + 4*u - 6. Suppose -2*p + 23 = u*p - o, 28 = 5*p - 2*o. Suppose r - k - 7 = 0, k - p*k + 1 = r. What is the greatest common factor of r and 54?
6
Let s = -13 + 167. Suppose -3*j + 58 = 4*k, -j = -k + 2*k - 18. What is the highest common divisor of j and s?
14
Let a = -29 + 52. Let n be (-28)/(-70) - 3/(-5). Let q be -3 - ((n - 192) + 4). Calculate the highest common factor of a and q.
23
Let u be 69 - (2 - 3/(-3)). Let t = u - 43. Let k be ((-184)/(-6)*1)/((-4)/(-24)). What is the greatest common divisor of k and t?
23
Suppose -o = -0 - 14. Let h be (1/(-3)*308)/(14/(-21)). Calculate the highest common factor of o and h.
14
Suppose 0 = -5*u - 2 + 17. Suppose 5*f - 3*f + 3*z = 6, -u*z - 21 = -f. Let j be (-60)/(-1)*12/10. Calculate the greatest common divisor of j and f.
9
Let p(d) = -d**2 + 18*d - 62. Let y be p(5). Suppose y*g + 604 = 5*t + g, 3*t - 5*g = 370. What is the greatest common divisor of 15 and t?
15
Let q = -528 - -1179. What is the highest common divisor of q and 124?
31
Let y(h) = h**3 + 23*h**2 - 25*h + 17. Let s be y(-24). Let p = -4 + s. Calculate the highest common factor of p and 74.
37
Let l be (-2 + 0)*(1 - 2). Suppose -5*v = -n - 17, 4*n = v - 1 - 10. Suppose 4*o + 5*t = 23, l*o + v = o - 3*t. Calculate the highest common factor of o and 4.
4
Let c = -28 - -29. Suppose a = 1 - 5. Let g be (a/(-6))/(10/75). Calculate the greatest common divisor of g and c.
1
Let c(q) = q**2 - 3*q + 6. Let i be c(6). Let x be (2 - 2)/(-2 - -6). S